7 and p?
57
Let a = 468 - 437. What is the greatest common factor of 899 and a?
31
Let c = 15 + -6. Suppose -20 = 4*f - 4*h, 2*f + 0*f + 3*h = 15. Suppose 72 = -f*t + t. Calculate the greatest common factor of c and t.
9
Suppose 4*t = -4*l + 416, -5*t = -2*t - 2*l - 317. Let u = -20 + 35. What is the highest common divisor of t and u?
15
Suppose 8*u = -2*u + 30. Suppose u*i - 8*i + 10 = 0, 3*z - 162 = 3*i. Let p(b) = -2*b - 5. Let w be p(-6). What is the greatest common divisor of z and w?
7
Let x be 1/(-5*(-8)/280). What is the highest common factor of 224 and x?
7
Let s = 34 + -30. Suppose s*q - 8*q - 20 = -2*z, 12 = -4*q. Calculate the greatest common divisor of z and 4.
4
Suppose 2*l = 2*f, 2*f + 7 = 3*l + 4. Suppose j - b - 59 = 0, -f*j - j + 3*b + 234 = 0. Calculate the highest common divisor of j and 38.
19
Suppose -18*u + 949 = -17*u. Let n = u + -557. What is the highest common factor of 56 and n?
56
Suppose 5*u - 6 = 4. Suppose 0*s - 2*t = u*s - 72, 2*s - t - 84 = 0. What is the greatest common factor of 16 and s?
8
Suppose -x + 5*x = 0. Suppose x = 3*i - i - 8. Suppose -7*c = -i*c - 285. What is the highest common divisor of c and 19?
19
Suppose 3*c + m = 73, 2*c - 59 + 5 = 2*m. Let l be 18/(-12)*10/(-3). Suppose -l = d - 2*d. Calculate the highest common divisor of c and d.
5
Let c = 15 + 14. Let b(t) = 20*t**3 + 2*t**2 - 2*t. Let i be b(2). Suppose 0 = 3*q - i - 184. What is the highest common divisor of q and c?
29
Let b = -214 - -250. What is the greatest common factor of 12 and b?
12
Let k be (-2 - 2) + 12 + -1. Let v = k - 5. What is the greatest common divisor of 22 and v?
2
Let n = 31 - 37. Let s be (-15)/45 - 50/n. What is the greatest common divisor of 12 and s?
4
Let d = 72 + -52. Suppose d*v + 20 = 21*v. Calculate the highest common factor of 80 and v.
20
Let v be 8 - 12 - (-3 - -1). Let y(l) = -11*l**3 - l**2. Let j be y(v). What is the highest common factor of 21 and j?
21
Let g(z) = 2*z**2 + 16*z + 2. Let h be g(-8). Suppose -3*s - 2*k + 58 = 0, -h*s = -2*k + 6*k - 28. Calculate the highest common divisor of s and 2.
2
Let v(x) = -x + 9. Suppose 0 = -4*a - 3*b - 3, 1 = -2*a - 5*b - 4. Let u be v(a). Let q = 44 + -17. Calculate the highest common factor of u and q.
9
Let c(q) = -q - 12. Let y be c(-17). Suppose y*b - 80 = -0*b. Calculate the highest common factor of b and 40.
8
Suppose 38*i = -19*i + 4845. What is the highest common divisor of i and 55?
5
Let r be 3 - -3*(-12)/(-2). Let c be ((-6)/4)/(((-95)/350)/19). What is the greatest common divisor of r and c?
21
Suppose l + 65 = 2*r + 2*l, -2*l = -r + 35. What is the greatest common divisor of r and 99?
33
Let u = 479 - 271. Calculate the greatest common divisor of 26 and u.
26
Suppose -3*o + 4*o - a = 3, -2*o - 5*a = 8. Let n(m) = 38*m + 1. Let g be n(o). Calculate the highest common divisor of g and 26.
13
Let l(p) be the second derivative of -17*p**3/6 - 9*p**2 + 7*p. Let x be l(-9). Suppose 4*b - 105 = x. Calculate the highest common divisor of 12 and b.
12
Let q(o) = 2*o - 73. Let u be q(42). What is the greatest common factor of u and 352?
11
Suppose -23*t = -10*t - 520. Calculate the highest common factor of t and 130.
10
Let w = -304 - -564. Let l be w/80 + (-1)/4. Suppose 4*b = 3*z + l*b - 69, 5*z + 5*b = 135. What is the greatest common divisor of z and 24?
24
Let i(n) be the first derivative of -7*n**2/2 - 24*n - 4. Let l be i(-7). What is the highest common divisor of l and 5?
5
Let u = -18 - -20. Suppose -209 = a - 2*a. Suppose 0 = 4*n - u*g - g - a, -4*g - 12 = 0. Calculate the highest common factor of 25 and n.
25
Let p be 14*34 - (10 + -6). Let h be 1 - p/(-10) - 2/10. Calculate the greatest common factor of 72 and h.
24
Let r(l) = 24*l**2. Let q be r(-1). Suppose 3*t + t = 5*n - 52, 2*n = t + 19. Calculate the highest common factor of n and q.
8
Let f = 716 - 702. Calculate the highest common divisor of f and 518.
14
Suppose 9*j + 11*j = 12600. Calculate the greatest common divisor of 189 and j.
63
Let d(r) = -r + 44. Let l be d(-18). What is the greatest common factor of 186 and l?
62
Suppose 3*i = -k + 80 - 14, 0 = -k - 2*i + 64. Let y(p) = -p**2 + 28*p - 31. Let h be y(23). Let z = h - k. What is the highest common factor of 6 and z?
6
Suppose 0*z = g + z + 3, -z - 4 = 0. Let n be (-2)/g + (-3 - -17). Calculate the greatest common factor of 96 and n.
12
Let s = -4 - -7. Let y be (2/10)/((-10)/(-150)). What is the highest common factor of y and s?
3
Let n be (18 + -8)*(5 - 28/(-10)). What is the highest common factor of n and 39?
39
Let l(u) = 2*u**2 + 7*u - 8. Let i be l(-6). Let w be -4*(3/2)/(-3). Suppose -w = -p - 0. What is the highest common factor of i and p?
2
Let o(a) = -11*a - 5*a + 15*a + 8. Let d be o(4). Suppose -2*q + 2 - 4 = -i, 2*i = -2*q + 34. Calculate the highest common factor of i and d.
4
Suppose 4*y + 2462 = -4*t - 154, -9 = 3*t. Let z = 1114 + y. Let v = z + -328. Calculate the highest common divisor of v and 27.
27
Let d be ((918 - 0)/(-9))/(-3). Let n = 9 - -8. Calculate the highest common divisor of d and n.
17
Let l be 2 - 0*(-1)/1. Let u = 22 + -17. Suppose i + 4*t + u = 0, 4*i + 5*t = 3*t + 8. What is the greatest common divisor of i and l?
1
Let s(c) = -6363 + 6363 + 39*c. Let o be s(1). What is the greatest common factor of o and 13?
13
Let c = -3 - -2. Let o be c + -1 + 64 + 3 + -1. Calculate the highest common factor of 16 and o.
16
Suppose 3*n = t - 177, -2*n = 67*t - 71*t + 688. Let k(z) = z**2 + 9*z - 17. Let p be k(-12). What is the greatest common divisor of t and p?
19
Let w be (-107)/(-3) + (-4)/6. Let s = -4317 + 4324. What is the highest common divisor of w and s?
7
Suppose -2*t = 2*t. Let q be 23 + (1 - (t - 0)). Let y(s) = s**3 + 3*s**2 - 2*s. Let w be y(-3). What is the highest common divisor of w and q?
6
Let t(q) = 38*q - 158. Let s be t(8). What is the highest common divisor of s and 219?
73
Let d be 1056/17 + 6*11/(-561). Calculate the highest common divisor of d and 992.
62
Let m = 4 - 0. Suppose 16*s + 121 - 793 = 0. Suppose -m*d = 5*o - s, 2*d = 5*o + 14 + 22. Calculate the highest common divisor of d and 143.
13
Let x = 747 - 582. What is the greatest common divisor of 33 and x?
33
Let c(b) = b + 17. Let d be c(-6). Let a(j) = -6*j. Let v be a(-4). Let w = v - d. Calculate the highest common divisor of w and 13.
13
Suppose 50*i - 974 + 588 = 1014. Suppose -5*a = -0*a - 20. Suppose -6 = -a*u + z + z, -5*u = -z - 15. What is the greatest common factor of i and u?
4
Let k be 8925/238*(3 + (1 - 2)). Calculate the greatest common divisor of 25 and k.
25
Suppose 4*o + 77*t - 78*t = 16, -o = -4*t - 19. What is the greatest common factor of o and 141?
3
Suppose -3*p + 13 = -5. Suppose p*y - 132 = 3*y. What is the highest common divisor of y and 4?
4
Let g(x) = 42*x**2 - x - 1. Let n be g(-1). Let j(d) = -d - 4 + 3*d - 3*d + 2*d. Let a be j(10). What is the greatest common divisor of a and n?
6
Let y be 6/27 + (-572)/(-18). Let c(n) = -2*n**2 - 35*n - 40. Let g be c(-16). What is the highest common divisor of g and y?
8
Suppose -15 = -2*i + 73. Suppose -5*w + 12 = -w. Suppose -3*p - 4*d + 25 = -20, w*d - 9 = 0. Calculate the highest common factor of i and p.
11
Suppose -4*q - q = -3*g + 10, -5*q - 5*g = -30. Suppose -c + q = x + 4*c, 20 = -5*c. What is the greatest common factor of 105 and x?
21
Let t be ((-436)/(-8) - 3)*4. Suppose 13*s - t = 2. Suppose -g - 156 = -4*n - 0*n, 0 = -n + 2*g + 32. What is the greatest common divisor of n and s?
8
Suppose 5*j + 5*y = 400, 8*y + 60 = j + 5*y. What is the greatest common divisor of j and 60?
15
Suppose 0 = -15*c + 3*c + 36. Suppose -c*w = -5*w + 20. What is the greatest common factor of w and 90?
10
Let c be (-7)/((-392)/16) - (-2623)/7. Calculate the highest common divisor of c and 60.
15
Let p = 9 - -3. Suppose 0 = -3*y - 2*w - 26, -2*y = -4*y + 4*w - p. Let q(m) = 2*m**2 + 11*m - 7. Let t be q(y). What is the greatest common divisor of t and 3?
3
Let q(x) = -9*x**3 + 3*x**2 - x - 1. Let k be q(1). Let i be (k/(-16))/(-1 - 38/(-36)). Let r = 17 + -8. Calculate the greatest common factor of i and r.
9
Let o(t) = 18*t - 515. Let u be o(36). Calculate the highest common divisor of u and 266.
133
Suppose -k - 3*z = -2*z - 7, -5*z = -5*k - 5. Let f = -7 